
18
Let a(s) = -4868*s - 38941. Give a(-8).
3
Let u(p) = 78*p + 790. Calculate u(-9).
88
Let a(d) = -229*d + 3892. Calculate a(17).
-1
Let i(p) = -37*p**2 - 719*p - 2458. What is i(-15)?
2
Let v(i) = 43*i - 599. What is v(13)?
-40
Let m(i) = -i**3 + 20*i**2 - 39*i - 1. Determine m(2).
-7
Let c(r) = r**2 - 5712*r + 28536. Calculate c(5).
1
Let n(g) = g**2 - 55*g - 245. Calculate n(59).
-9
Let h(o) = -2*o**3 - 19*o**2 + 91*o + 929. What is h(-8)?
9
Let f(g) = -22*g**2 + 122*g - 4. Calculate f(5).
56
Let p(j) = 256*j - 1535. Calculate p(6).
1
Let r(f) = -26*f + 1466. Determine r(56).
10
Let v(s) = -5*s**2 - 249*s + 1032. Give v(4).
-44
Let x(q) = -q**3 - 28*q**2 + 33*q + 177. Calculate x(-29).
61
Let g(k) = 4*k + 49. What is g(-4)?
33
Let h(u) = u**3 + 11*u**2 + 10*u - 8. Calculate h(-10).
-8
Let o(k) = k**3 - 2*k**2 - 7*k - 162. Give o(0).
-162
Let w(j) = 3795*j + 45557. Give w(-12).
17
Let c(r) = 3*r**2 + 46*r + 366. Give c(-9).
195
Let f(h) = 125*h + 10280. Calculate f(-82).
30
Let t(r) = -r**3 - 33*r**2 - 43*r + 39. Determine t(-32).
391
Let r(b) = -3*b**2 - 201*b - 1687. Calculate r(-10).
23
Let d(x) = x**2 + 2*x - 35. What is d(5)?
0
Let g(k) = -k**2 - 655*k - 1311. Give g(-2).
-5
Let r(h) = -h**2 + 16*h + 66. What is r(20)?
-14
Let j(y) = y + 15. Give j(-16).
-1
Let b(a) = 3*a**2 - 15*a - 133. What is b(-5)?
17
Let c(f) = -22*f + 378. What is c(16)?
26
Let j(f) = 25*f + 18. Determine j(0).
18
Let w(i) = i**3 + 41*i**2 - 20. Give w(-41).
-20
Let h(i) = 95*i + 1528. Determine h(-16).
8
Let l(p) = -p**3 - 3*p**2 + 16*p + 54. Give l(-5).
24
Let d(m) = m**2 + 20*m + 40. Calculate d(-4).
-24
Let w(i) = 35*i + 1016. Determine w(-29).
1
Let x(w) = 336*w - 4033. Calculate x(12).
-1
Let w(h) = -72*h**3 - 2880*h**2 - 2*h - 89. What is w(-40)?
-9
Let w(p) = -274*p - 6238. Calculate w(-23).
64
Let p(s) = 602*s + 7180. What is p(-12)?
-44
Let m(d) = -7*d + 35. Give m(13).
-56
Let f(q) = 2*q**2 - 70*q + 526. Determine f(11).
-2
Let n(l) = -3*l**2 + 143*l - 866. Give n(7).
-12
Let v(m) = m**3 - 3*m**2 - 40*m - 12. What is v(8)?
-12
Let g(x) = -31*x**2 + 18*x + 7. Give g(-2).
-153
Let m(x) = -167*x - 3276. Calculate m(-18).
-270
Let u(z) = 70*z + 326. Give u(-7).
-164
Let k(q) = q**2 + 41*q - 27. Determine k(-43).
59
Let z(b) = 9*b**2 + 35*b - 1. Determine z(-5).
49
Let i(p) = -2*p**3 - 64*p**2 + 80*p + 480. Calculate i(-33).
18
Let b(i) = 117*i - 1141. Determine b(21).
1316
Let l(m) = 147*m - 2858. Calculate l(20).
82
Let p(r) = 2*r + 150. Give p(-17).
116
Let n(s) = -22*s**2 - 725*s + 23. Give n(-33).
-10
Let h(m) = m**3 - 8*m**2 - 30*m + 248. Give h(7).
-11
Let g(s) = 3557*s - 7090. Give g(2).
24
Let p(j) = -j**3 + 7*j**2 + 48*j + 28. Give p(-4).
12
Let y(u) = -17638*u + 88172. Determine y(5).
-18
Let s(d) = 2*d**2 - 18*d - 644. Give s(23).
0
Let n(k) = 2*k**3 - 18*k**2 + 26*k - 104. Give n(7).
-118
Let n(a) = a**3 - 13*a**2 - 4*a + 83. Give n(13).
31
Let n(u) = -u**3 + 68*u**2 - 4*u + 258. Determine n(68).
-14
Let p(m) = m**3 - 23*m**2 + 2*m + 17. Calculate p(23).
63
Let x(l) = 196*l**2 + 2547*l - 4. Determine x(-13).
9
Let g(a) = 7*a**2 - 145*a - 46. What is g(21)?
-4
Let r(t) = 97*t + 5025. Determine r(-52).
-19
Let h(g) = 7*g**2 - 2403*g - 4815. Calculate h(-2).
19
Let s(n) = -7*n**2 - 291*n - 7. What is s(-42)?
-133
Let p(m) = m**3 + 20*m**2 + 59*m + 3716. Determine p(-24).
-4
Let f(u) = -2*u**3 - 8*u**2 - 4*u - 17. Determine f(-3).
-23
Let m(s) = 478*s + 19597. What is m(-41)?
-1
Let m(i) = 127*i - 77. What is m(-2)?
-331
Let q(r) = r**3 - 12*r**2 + 27*r - 65. What is q(10)?
5
Let w(c) = -c**2 + 41*c - 376. Determine w(12).
-28
Let u(v) = -22*v - 223. Determine u(-4).
-135
Let b(j) = 3*j**2 + 29*j. What is b(-10)?
10
Let p(q) = -94*q - 1336. Give p(-14).
-20
Let d(y) = 30*y**2 - y + 2. Give d(1).
31
Let y(a) = -a**2 + 31*a - 191. What is y(8)?
-7
Let r(v) = 4*v**2 + 11*v + 5. What is r(-5)?
50
Let c(w) = 12*w - 755. Determine c(59).
-47
Let q(r) = -6*r**2 + 196*r + 10184. Calculate q(-28).
-8
Let v(f) = -f**2 - 99*f + 4677. Calculate v(-134).
-13
Let y(x) = -30*x**2 + 814*x - 91. Give y(27).
17
Let v(j) = -j**3 - 10*j**2 + 19*j + 80. Determine v(-11).
-8
Let u(z) = -z**2 - 22*z + 297. Determine u(-31).
18
Let g(p) = -p**2 + 203*p - 3841. Give g(21).
-19
Let h(a) = -a**3 + 7*a**2 + 124*a - 677. What is h(5)?
-7
Let t(c) = -234*c - 3459. Calculate t(-15).
51
Let o(m) = 2495*m + 37420. Calculate o(-15).
-5
Let p(i) = 53*i**2 + 212*i + 6. Calculate p(-4).
6
Let o(z) = -39*z + 38. Calculate o(-7).
311
Let y(w) = 35*w**2 + 21*w - 66. Determine y(3).
312
Let o(l) = -11701*l + 11714. Calculate o(1).
13
Let g(v) = -80*v + 717. Give g(9).
-3
Let r(p) = -p**2 + 4*p + 9. Determine r(12).
-87
Let t(f) = -f**3 - 13*f**2 - 16*f + 187. Give t(-8).
-5
Let k(l) = -2*l**3 + l**2 + 27*l + 67. Give k(-5).
207
Let f(q) = -17*q**2 + 222*q + 10. What is f(13)?
23
Let f(h) = 2*h**3 - 55*h**2 + 308*h - 732. Give f(21).
3
Let n(f) = f**3 + 208*f**2 - 17070*f + 810. Calculate n(-271).
-3
Let u(w) = 82*w - 857. What is u(11)?
45
Let b(d) = d**3 + 88*d**2 + 410*d - 409. Give b(-83).
6
Let n(k) = k**2 + 680*k + 54587. Calculate n(-93).
-4
Let q(t) = 3*t**3 - 3*t**2 + 3*t + 4. Determine q(2).
22
Let b(l) = l**3 - 3*l**2 - 10*l + 11. What is b(3)?
-19
Let d(v) = -3*v**2 - 7*v - 18. Give d(-2).
-16
Let i(t) = t**3 + 52*t**2 - 109*t + 68. Calculate i(-54).
122
Let j(h) = 132*h - 6. What is j(0)?
-6
Let a(p) = p**2 + 60*p - 1024. What is a(14)?
12
Let o(m) = m**3 - 17*m**2 + m - 163. What is o(17)?
-146
Let v(w) = -w**2 - 98*w + 220. What is v(-101)?
-83
Let g(m) = -m**3 - 73*m**2 - 779*m + 34. What is g(-60)?
-26
Let r(t) = t**3 + 11*t**2 + 26*t + 45. Give r(-8).
29
Let r(y) = y**2 - 6*y - 871. Calculate r(33).
20
Let a(o) = o**3 - 51*o**2 + 60*o - 548. Calculate a(50).
-48
Let o(g) = 29*g**3 - 30*g**2 + 11*g - 13. Determine o(1).
-3
Let s(y) = 62*y - 1467. Calculate s(37).
827
Let m(r) = -r**3 + 53*r**2 - 8*r + 433. Determine m(53).
9
Let d(r) = -r**2 + 3*r + 1. Determine d(6).
-17
Let c(o) = 2*o - 97. Determine c(-15).
-127
Let a(v) = -v**2 - 49*v + 1302. Calculate a(19).
10
Let q(f) = -4*f**2 + 126*f - 53. Calculate q(31).
9
Let g(p) = p**2 - p - 151. Give g(14).
31
Let w(u) = 337*u - 2642. Determine w(8).
54
Let i(x) = -3*x + 36. Determine i(-3).
45
Let p(i) = 4*i**3 + 72*i**2 + 38*i + 84. Calculate p(-17).
594
Let i(u) = u**3 - 62*u**2 + 520*u + 1. Give i(52).
1
Let d(s) = 909*s - 12732. Give d(14).
-6
Let s(o) = -1075*o + 1086. What is s(1)?
11
Let x(v) = 31*v - 111. Give x(6).
75
Let q(d) = 23*d**2 + 1082*d + 64. Give q(-47).
17
Let t(d) = d**3 + 6*d**2 + 17*d - 5. What is t(-4)?
-41
Let h(q) = -q**3 + 12*q - 5. Calculate h(3).
4
Let u(t) = -t**2 - 17*t + 336. Determine u(-29).
-12
Let m(l) = -2*l**3 - 66*l**2 - 19*l - 617. What is m(-33)?
10
Let p(x) = 2650*x + 21196. Calculate p(-8).
-4
Let u(i) = -2*i**3 - 4*i**2 + 12*i - 50. What is u(7)?
-848
Let l(r) = -15*r**2 + 108*r - 60. Calculate l(6).
48
Let x(m) = 65*m - 2309. What is x(35)?
-34
Let a(d) = 9*d**2 + 25*d - 7. Give a(-6).
167
Let d(n) = n**2 - 20*n - 191. What is d(26)?
-35
Let t(p) = -p**3 - 32*p**2 - 60*p - 27. Calculate t(-30).
-27
Let d(z) = z**3 + 12*z**2 + 6*z - 55. Determine d(-11).
0
Let f(h) = -142*h + 4839. Determine f(34).
11
Let h(c) = -76*c + 381. Determine h(5).
1
Let o(f) = -231*f + 704. Calculate o(3).
11
Let d(u) = -3*u**2 + 152*u - 316. Give d(48).
68
Let r(o) = -11*o**2 - 41*o + 3. What is r(-4)?
-9
Let k(s) = -s**3 - 38*s**2 + 737*s + 465. Determine k(-52).
-3
Let w(n) = -32*n**2 - 71*n + 1. Give w(-2).
15
Let b(w) = -9*w - 377. Calculate b(-24).
-161
Let g(t) = t**3 - 32*t**2 + 98*t - 1141. Give g(30).
-1
Let x(h) = h**2 - 9*h - 307. What is x(-15)?
53
Let l(w) = -6959*w + 55665. Give l(8).
-7
Let p(q) = 49*q - 868. What is p(19)?
63
Let z(i) = -252*i + 2007. Give z(8).
-9
Let m(l) = -1148*l + 70020. Calculate m(61).
-8
Let a(j) = -j**3 + 3*j**2 - 28*j + 49. What is a(2)?
-3
Let d(b) = -9*b**2 + 18*b + 39. What is d(4)?
-33
Let i(t) = 6*t**2 + 23*t - 13. What is i(-4)?
-9
Let n(d) = 4*d**2 + 186*d + 426. Determine n(-44).
-14
Let q(u) = -60*u + 293. Determine q(5).
-7
Let t(z) = -25*z + 400. Determine t(13).
75
Let f(b) = 61*b - 431. What is f(7)?
-4
Let o(u) = 51*u**2 - 52*u - 2. Determi